{"id":12525,"date":"2018-01-10T15:10:06","date_gmt":"2018-01-10T14:10:06","guid":{"rendered":"http:\/\/www.drreichel.at\/?page_id=12525"},"modified":"2018-11-03T18:26:53","modified_gmt":"2018-11-03T17:26:53","slug":"impressum","status":"publish","type":"page","link":"https:\/\/www.drreichel.at\/?page_id=12525","title":{"rendered":"Impressum"},"content":{"rendered":"<h2>Impressum<\/h2>\n<p>Impressum Information gem\u00e4\u00df \u00a7 5 E-Commerce-Gesetz und Offenlegung gem\u00e4\u00df \u00a7 25 Mediengesetz:<\/p>\n<h2>Diensteanbieter und Medieninhaber:<\/h2>\n<p>Dr. Tanja Reichel<br \/>\nMitglied der Ober\u00f6sterreichischen \u00c4rztekammer<br \/>\nHauptstrasse 90<br \/>\nA- 4232 Hagenberg im M\u00fchlkreis<br \/>\nTelefon 07236 \/ 60 98<br \/>\nE-Mail: office@drreichel.at<\/p>\n<h2>Rechtlicher Hinweis<\/h2>\n<h3>Inhalt des Online-Angebotes<\/h3>\n<p>Die auf unseren Internetseiten zur Verf\u00fcgung gestellten Inhalte sind unseres Erachtens verl\u00e4sslich und sorgf\u00e4ltig erarbeitet. Wir \u00fcbernehmen jedoch keine Gew\u00e4hrleistung f\u00fcr die Vollst\u00e4ndigkeit, Richtigkeit und Genauigkeit s\u00e4mtlicher Inhalte auf den Webseiten. Wir \u00fcbernehmen keinerlei Gew\u00e4hr f\u00fcr die Aktualit\u00e4t, Korrektheit, Vollst\u00e4ndigkeit oder Qualit\u00e4t der bereitgestellten Informationen. Haftungsanspr\u00fcche gegen den Autor, welche sich auf Sch\u00e4den materieller oder ideeller Art beziehen, die durch die Nutzung oder Nichtnutzung der dargebotenen Informationen bzw. durch die Nutzung fehlerhafter und unvollst\u00e4ndiger Informationen verursacht wurden, sind grunds\u00e4tzlich ausgeschlossen, sofern seitens des Autors kein nachweislich vors\u00e4tzliches oder grob fahrl\u00e4ssiges Verschulden vorliegt.<\/p>\n<p>Die auf unserer Homepage f\u00fcr Sie bereitgestellten\u00a0<strong>Gesundheitsinformationen<\/strong>d\u00fcrfen weder als Ersatz f\u00fcr professionelle Beratung und\/oder Behandlung durch approbierte \u00c4rzte und Zahn\u00e4rzte angesehen werden, noch d\u00fcrfen aufgrund der Informationen eigenst\u00e4ndig Diagnosen gestellt oder Behandlungen begonnen oder abgesetzt werden. Beachten Sie bitte, dass unsere Gesundheitsinformationen nicht den Arztbesuch ersetzen.<\/p>\n<p>Alle Angebote sind frei bleibend und unverbindlich. Wir behalten es uns ausdr\u00fccklich vor, Teile der Seiten oder das gesamte Angebot ohne gesonderte Ank\u00fcndigung zu ver\u00e4ndern, zu erg\u00e4nzen, zu l\u00f6schen oder die Ver\u00f6ffentlichung zeitweise oder endg\u00fcltig einzustellen.<\/p>\n<h3>Verweise und Links<\/h3>\n<p>Trotz sorgf\u00e4ltiger Kontrolle externer Links \u00fcbernehmen wir keine Haftung f\u00fcr deren Inhalte. F\u00fcr den Inhalt verlinkter Stellen sind ausschlie\u00dflich deren Betreiber verantwortlich. Bei direkten oder indirekten Verweisen auf fremde Internet-Seiten (\u201eLinks\u201c), die au\u00dferhalb des Verantwortungsbereiches des Autors liegen, w\u00fcrde eine Haftungsverpflichtung ausschlie\u00dflich in dem Fall in Kraft treten, in dem wir von den Inhalten Kenntnis hat und es ihm technisch m\u00f6glich und zumutbar w\u00e4re, die Nutzung im Falle rechtswidriger Inhalte zu verhindern. Wir erkl\u00e4ren hiermit ausdr\u00fccklich, dass zum Zeitpunkt der Link-Setzung keine illegalen Inhalte auf den zu verlinkenden Seiten erkennbar waren. Auf die aktuelle und zuk\u00fcnftige Gestaltung, die Inhalte oder die Urheberschaft der gelinkten\/verkn\u00fcpften Seiten haben wir keinerlei Einfluss. Deshalb distanziert er sich hiermit ausdr\u00fccklich von allen Inhalten aller gelinkten\/verkn\u00fcpften Seiten, die nach der Link-Setzung ver\u00e4ndert wurden. Diese Feststellung gilt f\u00fcr alle innerhalb des eigenen Internet-Angebotes gesetzten Links und Verweise sowie f\u00fcr Fremdeintr\u00e4ge in vom Autor eingerichteten G\u00e4steb\u00fcchern, Diskussionsforen und Mailing-Listen. F\u00fcr illegale, fehlerhafte oder unvollst\u00e4ndige Inhalte und insbesondere f\u00fcr Sch\u00e4den, die aus der Nutzung oder Nichtnutzung solcherart dargebotenen Informationen entstehen, haftet allein der Anbieter der Seite, auf welche verwiesen wurde, nicht derjenige, der \u00fcber Links auf die jeweilige Ver\u00f6ffentlichung lediglich verweist.<\/p>\n<h3>Urheber- und Kennzeichenrecht<\/h3>\n<p>Wir sind bestrebt, in allen Publikationen die Urheberrechte der verwendeten Grafiken, Tondokumente, Videosequenzen und Texte zu beachten, von ihm selbst erstellte Grafiken, Tondokumente, Videosequenzen und Texte zu nutzen oder auf lizenzfreie Grafiken, Tondokumente, Videosequenzen und Texte zur\u00fcckzugreifen. Alle innerhalb des Internet-Angebotes genannten und ggf. durch Dritte gesch\u00fctzten Marken- und Warenzeichen unterliegen uneingeschr\u00e4nkt den Bestimmungen des jeweils g\u00fcltigen Kennzeichenrechts und den Besitzrechten der jeweiligen eingetragenen Eigent\u00fcmer. Allein aufgrund der blo\u00dfen Nennung ist nicht der Schluss zu ziehen, dass Markenzeichen nicht durch Rechte Dritter gesch\u00fctzt sind! Das Copyright f\u00fcr ver\u00f6ffentlichte, vom Autor selbst erstellte Objekte bleibt allein beim Autor der Seiten. Eine Vervielf\u00e4ltigung oder Verwendung solcher Grafiken, Tondokumente, Videosequenzen und Texte in anderen elektronischen oder gedruckten Publikationen ist ohne ausdr\u00fcckliche Zustimmung des Autors nicht gestattet.<\/p>\n<h3>Datenschutz<\/h3>\n<p>Der Schutz Ihrer pers\u00f6nlichen Daten ist uns ein besonderes Anliegen. Wir verarbeiten Ihre Daten ausschlie\u00dflich auf Grundlage der gesetzlichen Bestimmungen (DSGVO, DSG, TKG 2003). Nachfolgend informieren wir Sie \u00fcber die Verarbeitung Ihrer personenbezogenen Daten durch uns und die Ihnen nach den datenschutzrechtlichen Regelungen zustehenden Anspr\u00fcche und Rechte.<\/p>\n<h4>Verantwortlicher f\u00fcr die Datenverarbeitung:<\/h4>\n<p>Dr. Tanja Reichel, Hauptstrasse 90, 4232 Hagenberg<\/p>\n<p>Im Rahmen der Website verarbeiten wir personenbezogene Daten, die Sie uns selbst bekanntgeben bzw. die wir durch Ihre Nutzung unseres Online-Auftritts erhalten, wie folgt:<\/p>\n<ul>\n<li>1. Kontaktformular, E-Mail; Anfragen werden von uns nach aktuellem Stand der Technik per E-Mail bearbeitet. Die Verarbeitung erfolgt aufgrund Ihrer Zustimmung bei Nutzung des Kontaktformulars.<\/li>\n<li>2. Technische Nutzungsdaten: Hierbei handelt es unter anderem um Browsertyp und -version, verwendetes Betriebssystem, verweisende URL, Name der abgerufenen Datei, \u00fcbertragene Datenmenge, Datum und Uhrzeit des Zugriffs sowie Ihre IP-Adresse. Diese Daten werden von uns ausschlie\u00dflich zur Verbesserung unseres Leistungsangebotes genutzt.<\/li>\n<\/ul>\n<h4>Auskunftsrecht:<\/h4>\n<p>Sie haben das Recht auf Auskunft \u00fcber die gespeicherten Daten gem\u00e4\u00df Art 15 DSGVO, auf Berichtigung unzutreffender Daten gem\u00e4\u00df Art 16 DSGVO, auf L\u00f6schung von Daten gem\u00e4\u00df Art 17 DSGVO, auf Einschr\u00e4nkung der Verarbeitung von Daten gem\u00e4\u00df Art 18 DSGVO, auf Daten\u00fcbertragbarkeit gem\u00e4\u00df Art 20 DSGVO sowie auf Widerspruch gegen die unzumutbare Datenverarbeitung gem\u00e4\u00df Art 21 DSGVO.<\/p>\n<p>Sofern die Verarbeitung aufgrund einer Einwilligungserkl\u00e4rung erfolgt, haben Sie die M\u00f6glichkeit, diese jederzeit zu widerrufen, ohne dass die Rechtm\u00e4\u00dfigkeit der aufgrund der Einwilligung bis zum Widerruf erfolgten Verarbeitung ber\u00fchrt wird.<\/p>\n<p>Sie haben das Recht, sich bei der Aufsichtsbeh\u00f6rde zu beschweren \u2013 zust\u00e4ndig ist in \u00d6sterreich die Datenschutzbeh\u00f6rde.<\/p>\n<p>Die Anschrift lautet: \u00d6sterreichische Datenschutzbeh\u00f6rde, Wickenburggasse 8, 1080 Wien, Telefon: +43 1 52 152-0, E-Mail: <a href=\"mailto:dsb@dsb.gv.at\">dsb@dsb.gv.at<\/a><\/p>\n<h3>Rechtswirksamkeit dieses Haftungsausschlusses<\/h3>\n<p>Dieser Haftungsausschluss ist als Teil des Internetangebotes zu betrachten, von dem aus auf diese Seite verwiesen wurde. Sofern Teile oder einzelne Formulierungen dieses Textes der geltenden Rechtslage nicht, nicht mehr oder nicht vollst\u00e4ndig entsprechen sollten, bleiben die \u00fcbrigen Teile des Dokumentes in ihrem Inhalt und ihrer G\u00fcltigkeit davon unber\u00fchrt.<\/p>\n<h3>Copyright<\/h3>\n<p>Vervielf\u00e4ltigung der hier ver\u00f6ffentlichten Inhalte und Grafiken nur mit ausdr\u00fccklicher schriftlicher Genehmigung.<\/p>\n<h3>Fotografie<\/h3>\n<p>Dr. Tanja Reichel, <a href=\"http:\/\/www.m-art-in.com\" target=\"_blank\" rel=\"noopener\">M-ART-IN<\/a><\/p>\n<h3>Webdesign<\/h3>\n<p>DI. Evelyn Eckhart-Reichel<\/p>\n","protected":false},"excerpt":{"rendered":"<p>Impressum Impressum Information gem\u00e4\u00df \u00a7 5 E-Commerce-Gesetz und Offenlegung gem\u00e4\u00df  [&#8230;]<\/p>\n","protected":false},"author":1,"featured_media":0,"parent":0,"menu_order":0,"comment_status":"closed","ping_status":"closed","template":"","meta":{"footnotes":""},"class_list":["post-12525","page","type-page","status-publish","hentry"],"yoast_head":"<!-- This site is optimized with the Yoast SEO plugin v27.3 - https:\/\/yoast.com\/product\/yoast-seo-wordpress\/ -->\n<title>Impressum - Ordination Dr. Reichel &amp; Dr. Ritter<\/title>\n<meta name=\"robots\" content=\"index, follow, max-snippet:-1, max-image-preview:large, max-video-preview:-1\" \/>\n<link rel=\"canonical\" href=\"https:\/\/www.drreichel.at\/?page_id=12525\" \/>\n<meta property=\"og:locale\" content=\"de_DE\" \/>\n<meta property=\"og:type\" content=\"article\" \/>\n<meta property=\"og:title\" content=\"Impressum - Ordination Dr. Reichel &amp; Dr. Ritter\" \/>\n<meta property=\"og:description\" content=\"Impressum Impressum Information gem\u00e4\u00df \u00a7 5 E-Commerce-Gesetz und Offenlegung gem\u00e4\u00df [...]\" \/>\n<meta property=\"og:url\" content=\"https:\/\/www.drreichel.at\/?page_id=12525\" \/>\n<meta property=\"og:site_name\" content=\"Ordination Dr. Reichel &amp; Dr. Ritter\" \/>\n<meta property=\"article:publisher\" content=\"https:\/\/www.facebook.com\/Ordination-Dr-Tanja-Reichel-Dr-Ulrike-Ritter-1772804399676494\/\" \/>\n<meta property=\"article:modified_time\" content=\"2018-11-03T17:26:53+00:00\" \/>\n<meta name=\"twitter:card\" content=\"summary_large_image\" \/>\n<meta name=\"twitter:label1\" content=\"Gesch\u00e4tzte Lesezeit\" \/>\n\t<meta name=\"twitter:data1\" content=\"5 Minuten\" \/>\n<script type=\"application\/ld+json\" class=\"yoast-schema-graph\">{\"@context\":\"https:\\\/\\\/schema.org\",\"@graph\":[{\"@type\":\"WebPage\",\"@id\":\"https:\\\/\\\/www.drreichel.at\\\/?page_id=12525\",\"url\":\"https:\\\/\\\/www.drreichel.at\\\/?page_id=12525\",\"name\":\"Impressum - Ordination Dr. Reichel &amp; Dr. Ritter\",\"isPartOf\":{\"@id\":\"https:\\\/\\\/www.drreichel.at\\\/#website\"},\"datePublished\":\"2018-01-10T14:10:06+00:00\",\"dateModified\":\"2018-11-03T17:26:53+00:00\",\"breadcrumb\":{\"@id\":\"https:\\\/\\\/www.drreichel.at\\\/?page_id=12525#breadcrumb\"},\"inLanguage\":\"de-AT\",\"potentialAction\":[{\"@type\":\"ReadAction\",\"target\":[\"https:\\\/\\\/www.drreichel.at\\\/?page_id=12525\"]}]},{\"@type\":\"BreadcrumbList\",\"@id\":\"https:\\\/\\\/www.drreichel.at\\\/?page_id=12525#breadcrumb\",\"itemListElement\":[{\"@type\":\"ListItem\",\"position\":1,\"name\":\"Home\",\"item\":\"https:\\\/\\\/www.drreichel.at\\\/\"},{\"@type\":\"ListItem\",\"position\":2,\"name\":\"Impressum\"}]},{\"@type\":\"WebSite\",\"@id\":\"https:\\\/\\\/www.drreichel.at\\\/#website\",\"url\":\"https:\\\/\\\/www.drreichel.at\\\/\",\"name\":\"Ordination Dr. Reichel &amp; Dr. Ritter\",\"description\":\"Praxis f\u00fcr Allgemeinmedizin\",\"publisher\":{\"@id\":\"https:\\\/\\\/www.drreichel.at\\\/#organization\"},\"potentialAction\":[{\"@type\":\"SearchAction\",\"target\":{\"@type\":\"EntryPoint\",\"urlTemplate\":\"https:\\\/\\\/www.drreichel.at\\\/?s={search_term_string}\"},\"query-input\":{\"@type\":\"PropertyValueSpecification\",\"valueRequired\":true,\"valueName\":\"search_term_string\"}}],\"inLanguage\":\"de-AT\"},{\"@type\":\"Organization\",\"@id\":\"https:\\\/\\\/www.drreichel.at\\\/#organization\",\"name\":\"Gruppenpraxis Dr. Reichel & Dr. Ritter OG\",\"url\":\"https:\\\/\\\/www.drreichel.at\\\/\",\"logo\":{\"@type\":\"ImageObject\",\"inLanguage\":\"de-AT\",\"@id\":\"https:\\\/\\\/www.drreichel.at\\\/#\\\/schema\\\/logo\\\/image\\\/\",\"url\":\"http:\\\/\\\/www.drreichel.at\\\/wp\\\/wp-content\\\/uploads\\\/2018\\\/01\\\/cropped-logo_icon.jpg\",\"contentUrl\":\"http:\\\/\\\/www.drreichel.at\\\/wp\\\/wp-content\\\/uploads\\\/2018\\\/01\\\/cropped-logo_icon.jpg\",\"width\":512,\"height\":512,\"caption\":\"Gruppenpraxis Dr. Reichel & Dr. Ritter OG\"},\"image\":{\"@id\":\"https:\\\/\\\/www.drreichel.at\\\/#\\\/schema\\\/logo\\\/image\\\/\"},\"sameAs\":[\"https:\\\/\\\/www.facebook.com\\\/Ordination-Dr-Tanja-Reichel-Dr-Ulrike-Ritter-1772804399676494\\\/\"]}]}<\/script>\n<!-- \/ Yoast SEO plugin. -->","yoast_head_json":{"title":"Impressum - Ordination Dr. Reichel &amp; Dr. Ritter","robots":{"index":"index","follow":"follow","max-snippet":"max-snippet:-1","max-image-preview":"max-image-preview:large","max-video-preview":"max-video-preview:-1"},"canonical":"https:\/\/www.drreichel.at\/?page_id=12525","og_locale":"de_DE","og_type":"article","og_title":"Impressum - Ordination Dr. Reichel &amp; Dr. Ritter","og_description":"Impressum Impressum Information gem\u00e4\u00df \u00a7 5 E-Commerce-Gesetz und Offenlegung gem\u00e4\u00df [...]","og_url":"https:\/\/www.drreichel.at\/?page_id=12525","og_site_name":"Ordination Dr. Reichel &amp; Dr. Ritter","article_publisher":"https:\/\/www.facebook.com\/Ordination-Dr-Tanja-Reichel-Dr-Ulrike-Ritter-1772804399676494\/","article_modified_time":"2018-11-03T17:26:53+00:00","twitter_card":"summary_large_image","twitter_misc":{"Gesch\u00e4tzte Lesezeit":"5 Minuten"},"schema":{"@context":"https:\/\/schema.org","@graph":[{"@type":"WebPage","@id":"https:\/\/www.drreichel.at\/?page_id=12525","url":"https:\/\/www.drreichel.at\/?page_id=12525","name":"Impressum - Ordination Dr. Reichel &amp; Dr. Ritter","isPartOf":{"@id":"https:\/\/www.drreichel.at\/#website"},"datePublished":"2018-01-10T14:10:06+00:00","dateModified":"2018-11-03T17:26:53+00:00","breadcrumb":{"@id":"https:\/\/www.drreichel.at\/?page_id=12525#breadcrumb"},"inLanguage":"de-AT","potentialAction":[{"@type":"ReadAction","target":["https:\/\/www.drreichel.at\/?page_id=12525"]}]},{"@type":"BreadcrumbList","@id":"https:\/\/www.drreichel.at\/?page_id=12525#breadcrumb","itemListElement":[{"@type":"ListItem","position":1,"name":"Home","item":"https:\/\/www.drreichel.at\/"},{"@type":"ListItem","position":2,"name":"Impressum"}]},{"@type":"WebSite","@id":"https:\/\/www.drreichel.at\/#website","url":"https:\/\/www.drreichel.at\/","name":"Ordination Dr. Reichel &amp; Dr. Ritter","description":"Praxis f\u00fcr Allgemeinmedizin","publisher":{"@id":"https:\/\/www.drreichel.at\/#organization"},"potentialAction":[{"@type":"SearchAction","target":{"@type":"EntryPoint","urlTemplate":"https:\/\/www.drreichel.at\/?s={search_term_string}"},"query-input":{"@type":"PropertyValueSpecification","valueRequired":true,"valueName":"search_term_string"}}],"inLanguage":"de-AT"},{"@type":"Organization","@id":"https:\/\/www.drreichel.at\/#organization","name":"Gruppenpraxis Dr. Reichel & Dr. Ritter OG","url":"https:\/\/www.drreichel.at\/","logo":{"@type":"ImageObject","inLanguage":"de-AT","@id":"https:\/\/www.drreichel.at\/#\/schema\/logo\/image\/","url":"http:\/\/www.drreichel.at\/wp\/wp-content\/uploads\/2018\/01\/cropped-logo_icon.jpg","contentUrl":"http:\/\/www.drreichel.at\/wp\/wp-content\/uploads\/2018\/01\/cropped-logo_icon.jpg","width":512,"height":512,"caption":"Gruppenpraxis Dr. Reichel & Dr. Ritter OG"},"image":{"@id":"https:\/\/www.drreichel.at\/#\/schema\/logo\/image\/"},"sameAs":["https:\/\/www.facebook.com\/Ordination-Dr-Tanja-Reichel-Dr-Ulrike-Ritter-1772804399676494\/"]}]}},"jetpack_sharing_enabled":true,"_links":{"self":[{"href":"https:\/\/www.drreichel.at\/index.php?rest_route=\/wp\/v2\/pages\/12525","targetHints":{"allow":["GET"]}}],"collection":[{"href":"https:\/\/www.drreichel.at\/index.php?rest_route=\/wp\/v2\/pages"}],"about":[{"href":"https:\/\/www.drreichel.at\/index.php?rest_route=\/wp\/v2\/types\/page"}],"author":[{"embeddable":true,"href":"https:\/\/www.drreichel.at\/index.php?rest_route=\/wp\/v2\/users\/1"}],"replies":[{"embeddable":true,"href":"https:\/\/www.drreichel.at\/index.php?rest_route=%2Fwp%2Fv2%2Fcomments&post=12525"}],"version-history":[{"count":0,"href":"https:\/\/www.drreichel.at\/index.php?rest_route=\/wp\/v2\/pages\/12525\/revisions"}],"wp:attachment":[{"href":"https:\/\/www.drreichel.at\/index.php?rest_route=%2Fwp%2Fv2%2Fmedia&parent=12525"}],"curies":[{"name":"wp","href":"https:\/\/api.w.org\/{rel}","templated":true}]}}